derivative of r + 1 + 1/2*r**4 - 1/3*r**3 + 0*r**w. Determine k(2).
13
Let h(a) be the second derivative of -a**3/3 + 13*a**2/2 + 6671*a. Determine h(-5).
23
Let t(d) = -d**2 - 11*d + 2. Let c be 546 - 4/(-3)*-1*-3. Let b = -559 + c. Determine t(b).
20
Let n = 1299 + -1297. Let k(t) = t**3 + t**2 + t + 4. Let y be k(0). Let z(d) = 1 - 3 - 2*d + y*d - 3*d. Determine z(n).
-4
Let p(o) = -9*o + 637. Let h(y) = 6*y - 398. Let j(b) = -19*h(b) - 12*p(b). What is j(-14)?
2
Let t(r) be the second derivative of -r**4/12 + 7*r**3/3 + 5*r**2/2 - 8725*r. What is t(15)?
-10
Suppose 273*q + p = 278*q - 40, 7 = 3*q - 4*p. Let n(c) = 4*c**3 + 4*c**2 - 12. Let f(m) = -5*m**3 - 3*m**2 + 12. Let g(a) = 5*f(a) + 6*n(a). Give g(q).
-12
Let q be 6/(-2)*1 - -6. Let n be (q - (11 + -5)) + 12/1. Let i(p) = -p**2 + 9*p - 9. Give i(n).
-9
Let k(b) be the third derivative of -1/5*b**5 + 0*b + 0*b**4 - 2*b**2 - 1/6*b**3 + 37. Give k(1).
-13
Let w(o) = -10453 - 10452 + 20911 + 8*o - 2*o**2 + 0*o**2 - o**2 + 4*o**2. Suppose u - 4*u + 38 = -2*v, 5*v = -5*u + 105. Let k = u + -24. What is w(k)?
6
Let i(a) = 26 + 14*a - a**2 - 90 + 28 + 11*a + 29. Give i(23).
39
Let s(a) = a**2 - 9*a - 33 + 12*a + 0*a**2 + 2 - 13. What is s(5)?
-4
Let v(j) be the third derivative of -j**5/15 + 37*j**4/24 + j**3/2 - 118*j**2 - j. Calculate v(9).
12
Let l(m) be the first derivative of -m**4/2 + m**3/3 + m**2 - 4*m + 1607. Give l(-2).
12
Let z(n) = 17*n**2 + 63*n + 161. Let v(i) = 48*i**2 + 186*i + 489. Let m(h) = 6*v(h) - 17*z(h). Calculate m(-4).
1
Suppose -h = -5*d - 12, -h + 5*h - 10 = d. Let v(a) = -36*a + 82*a + h + 2 - 41*a. What is v(-5)?
-21
Let x(f) = -7*f + 14. Let b(w) = 3*w - 7. Let k(z) = 5*b(z) + 2*x(z). Suppose 6*g - 8 = 2*g. Suppose -g*o = -o - 2*c + 2, 4*o - c = -29. Calculate k(o).
-15
Let t be (4/6)/(26/1443). Let m = 40 - t. Let d(b) = 2*b - 7*b - 1 - 1 + m*b. Determine d(-3).
4
Suppose 0 = -24*i + 675 + 93. Let r(u) = -u**3 + 33*u**2 - 29*u - 109. Calculate r(i).
-13
Let a(x) = -7*x + 34. Suppose 4*b = -16, -27*b + 22*b - 10 = 2*q. Determine a(q).
-1
Let v = -6 + 12. Let y(w) be the third derivative of 7*w**4/24 - 3*w**3/2 - 25*w**2 - w + 48. Give y(v).
33
Let z(b) = -b**3 + 0*b**2 + b**2 - 4 - 4*b**2 + 5. Let s = 143 + -147. Let t be (s/1)/((-8)/(-4)). Determine z(t).
-3
Let c(i) be the first derivative of -2*i**3/3 + 2*i**2 + 4*i + 5. Let m(p) = 5*p**2 - 9*p - 10. Let n(q) = -7*c(q) - 3*m(q). Give n(-2).
0
Let a(z) = 72*z**2 - 18*z**2 - 46*z**2 - 5 + 3*z - 52*z**2 - 6*z. What is a(-1)?
-46
Suppose w - 9 = -p + 6*p, w + 2*p + 26 = 0. Let l(u) = -2*u - 30. Let v be l(w). Let n(a) = 2 - 3 + a + 1 + v. Give n(-5).
-3
Suppose -26*r - 2*l = -23*r - 3, -5 = 2*r - l. Let b(t) = -8*t - 4. Give b(r).
4
Let l be (2/7)/((-4)/(-28)). Let p(z) = 60 - 4*z - 72 - 3*z**2 + 2*z**l - 6*z. Calculate p(-10).
-12
Let b(x) = x - 5. Let w be b(0). Let p(r) = -129 + 2*r - 128 + 515 - 121 - 128. Give p(w).
-1
Let k be ((-228)/(-5) - (-18)/45)*(-1)/(-2). Let u(h) = -h**2 + 21*h + 43. Determine u(k).
-3
Let q(h) = -h**3 - 5*h - 10. Let b(c) = 2*c**3 + c**2 + 9*c + 18. Let w(l) = 4*b(l) + 7*q(l). Suppose -4*j + j = 9. Calculate w(j).
8
Let g = 90 - 67. Suppose j - 17 + g = 0. Let a(x) be the second derivative of -x**4/12 - x**3 + x. Calculate a(j).
0
Let q(o) be the third derivative of -1/2*o**3 + 1/4*o**4 + 0*o + 0 + 100*o**2. Determine q(4).
21
Let q be (28/(-10))/(6/(-15)). Suppose 11*t - 116 = 7*t. Suppose 8 - t = -q*g. Let i(x) = x**2 - x - 1. Give i(g).
5
Let g(h) = 20*h + 14 + 33*h + 12*h + h**2 + h**2 - 14*h. Calculate g(-25).
-11
Let i(u) = -u - 1. Let b(g) = 4*g - 2. Suppose 6*m - 5 = 7. Suppose m = q - 2*f - 7, 0 = 4*q + f. Let c(v) = q*b(v) - 3*i(v). Calculate c(-1).
-6
Let f be ((-13056)/80)/(-16) - (-2)/(-10). Let y(g) = 3*g**2 - 35*g + 45. Determine y(f).
-5
Let b(o) = o**2 + 4*o. Let a be b(-2). Let p(g) = 1104 + 1104 + 0*g + 0*g - 2212 - g. Determine p(a).
0
Let y(c) = -4*c**2 - 3*c + 4. Let k(a) = a**2 + 8*a - 61. Let q be k(5). Suppose l + 15 - q = 2*d, -l - d + 1 = 0. What is y(l)?
-23
Suppose 0 = -43*k - 122*k + 363 + 3762. Let q(u) be the second derivative of 0 - 1/3*u**3 + 1/2*u**2 + k*u. Calculate q(-4).
9
Let b(v) = 5936*v**2 + 154 + 5931*v**2 - 30*v - 11869*v**2. What is b(4)?
2
Suppose -5*i = -4*i + 103. Let y = i + 183. Let p(z) = -4 + 79*z - y*z - 6 + 0. Give p(-5).
-5
Let i(q) = q - 31. Let u be 12*(-78)/(-153) - (-34)/(-289). Calculate i(u).
-25
Let h be 17/(-51) - 44/(-6). Suppose 0 = t + 4*t - h*t. Let c(b) = t*b - b**3 + 5*b + 2*b**3 + 6 - 6*b + b**2. What is c(0)?
6
Let k(r) = 8*r + 3. Let c(h) = 8*h + 4. Let l(n) = 4*c(n) - 5*k(n). Let m = -611 + 612. Calculate l(m).
-7
Let j(v) = -v - 8. Let f be j(-12). Let p = f - -31. Let b = 41 - p. Let u(y) = -y**2 + 8*y - 7. What is u(b)?
5
Let c(r) = 9113*r + 6 + 9143*r - 18257*r. Give c(-3).
9
Let k = 34 - -20. Let r = k + -90. Let z be ((-60)/r)/((-1)/3). Let c(i) = -i**2 - 8*i + 2. Determine c(z).
17
Let a(v) = v**2 - 6*v - 7. Let i(x) = -12*x + 145. Let d be i(12). Let u be ((-1)/(-2) + d)*92/23. What is a(u)?
-7
Let r(o) = 2*o**2 + 44*o + 2. Let i(u) = -2581*u + 2558. Let k be i(1). Calculate r(k).
48
Let l(c) be the third derivative of c**4/3 + 7*c**3/2 - 25*c**2 + 30*c. Give l(-7).
-35
Suppose -4*o + 6*o = -12. Let r(x) = 4*x + 11. Let c(i) be the first derivative of i**2 + 5*i + 26. Let d(q) = 5*c(q) - 3*r(q). Determine d(o).
4
Let v(x) = -5*x - 45. Let r be ((-5)/((-15)/(-18)))/((-6)/9*3). What is v(r)?
-60
Let w(t) = -407 + 213 + 199 - 53*t. Give w(0).
5
Let k be 110/50 - (-1)/(-5). Suppose -3*t + 0*m + 13 = k*m, 2*m = 10. Let q(w) = -w - 12*w + t + 8*w. Determine q(4).
-19
Let p(v) = -v**3 - 8*v**2 + 2*v + 16. Let r be p(-8). Suppose r = 4*q - 3*t + 3 + 12, 4*q - 4*t + 20 = 0. Let l(h) = 2 + 4*h - 26 - 5*h. Give l(q).
-24
Let b(y) = 8*y + 6366 - 12770 + 6395 + 8*y**2 + y**3. Give b(-6).
15
Suppose 3*h + 0*h - 4*k = -752, h + 3*k = -229. Let r = h + 240. Let c(m) = m**2 + 6*m + 5. Give c(r).
-3
Let n be (-5)/(-4) + (-5)/20. Let o(b) = -6*b**2 + n + 4*b**3 - 6*b - 5*b**3 - 2 - 6. Suppose -24*x - 2895 = 56*x - 2495. Determine o(x).
-2
Let q(x) be the second derivative of -x**3/6 - x**2/2 - 33*x. Let d(j) be the first derivative of 3*j**2/2 + 15*j - 19. Let a(r) = d(r) + 4*q(r). What is a(9)?
2
Suppose -4*b = -i - 1792, -2*i = -5*b - 1461 + 3701. Let k(j) = -j + 3*j + 896*j**2 - b*j**2 - 449*j**2 - 1. Give k(3).
-4
Suppose 15 = k - 3*q - 0, -15 = -4*k + 3*q. Suppose -5*y = 2*p - 4*p - 3, 3*y + 3*p - 6 = k. Let s(u) = -12*u**3 - 2*u + 1. Determine s(y).
-13
Let x be ((-40)/4 - -8) + 1*-163. Let m = x - -177. Let c(t) = -t**3 + 12*t**2 + t. Calculate c(m).
12
Let d(t) = -t**2 + 17*t + 27. Let p = -19545 + 19545. Calculate d(p).
27
Let y be (-3)/2 - (49/(-14) - 7). Let u(h) = 11*h**2 - y*h - 7*h**2 + 2*h**2 + h**3 - 9. Determine u(-7).
5
Let q(m) = -5*m**2 + 6*m + 132. Let d(a) = a**2 - a - 2. Let n(s) = -4*d(s) - q(s). Let v(z) be the first derivative of n(z). Give v(2).
2
Let s(j) = -j**3 - 8. Let x(w) = -5*w**3 + w**2 + w - 21. Let q(g) = -2*s(g) + x(g). What is q(2)?
-23
Let m(p) = -14*p + 5. Let b(x) = -40*x + 14. Let o(y) = -4*b(y) + 11*m(y). Let a(r) = 3*r. Let u(t) = -5*a(t) + 3*o(t). Calculate u(3).
6
Let a(l) = l + 23. Let k(u) = -2*u - 68. Let j(b) = 14*a(b) + 5*k(b). Let d be j(4). Let h be -2 - 1/(-1)*2*d. Let x(c) = -c**3 - 5*c**2 + 8*c + 1. Give x(h).
-11
Let z(u) be the first derivative of -1 + 1/360*u**6 + 0*u - 1/24*u**4 + 19/3*u**3 - 1/120*u**5 + 0*u**2. Let h(l) be the third derivative of z(l). What is h(2)?
1
Suppose 0 = -3*q + 2*p + 3*p + 162, 0 = 3*p + 9. Let y = q - 49. Let j(t) = -t. Let c(w) = w**2 - 2*w + 3. Let o(v) = c(v) - 3*j(v). Calculate o(y).
3
Let p(w) be the second derivative of -w**4/12 - w**3/2 - 3*w**2/2 - 3*w. Suppose 7*g - 8*g + 9 = 0. Suppose 9 = 4*c - 5*c - 2*o, 2*o - g = 5*c. Calculate p(c).
-3
Let z = 1099 + -1097. Let c(q) = q**2 + 1074*q + 0*q**z + 2 - 1072*q - 2*q**2. Let a be (0 + 1 + 1)*-1. Determine c(a).
-6
Let h(a) = 25 + 32 - 2*a - 29. Let b be h(14). Suppose -z = -5*u - b*z + 14, -2*u + 5 = -z. Let g(r) = r**2 - 3. Give g(u).
6
Let c(r) = 13*r + 7. Let m(x) = -9*x - 6. Let u = -118 + 115. Let t(p) = u*m(p) - 2*c(p). Calculate t(0).
4
Let p(s) = -2*s**2 - 2 + 5 -